{"id":7332,"date":"2024-04-30T00:00:00","date_gmt":"2024-04-29T22:00:00","guid":{"rendered":"http:\/\/parafia.zebrzydowice.eu\/?page_id=7332"},"modified":"2024-07-09T18:42:10","modified_gmt":"2024-07-09T16:42:10","slug":"przetargi","status":"publish","type":"page","link":"http:\/\/parafia.zebrzydowice.eu\/?page_id=7332","title":{"rendered":"Przetargi"},"content":{"rendered":"<h2><a href=\"http:\/\/parafia.zebrzydowice.eu\/wp-content\/uploads\/2024\/07\/Skan_20240709.pdf\"><strong>OG\u0141OSZENIE O UDZIELENIU ZAM\u00d3WIENIA<\/strong><\/a><\/h2>\n<h2><a href=\"http:\/\/parafia.zebrzydowice.eu\/wp-content\/uploads\/2024\/06\/Skan_20240625-3.pdf\"><strong>OG\u0141OSZENIE O WYBORZE OFERTY<\/strong><\/a><\/h2>\n<p>ZAPROSZENIE DO SK\u0141ADANIA OFERT<br>ZAPYTANIE OFERTOWE NR 1\/2024&nbsp; z dnia 30.04.2024&nbsp;r.<\/p>\n<h2>Parafia Wniebowzi\u0119cia NMP w Zebrzydowicach zaprasza do sk\u0142adania ofert na wykonanie zadania pn. :<br>\u201eRenowacja zabytkowych organ\u00f3w ko\u015bcielnych w Ko\u015bciele p.w. WNP w Zebrzydowicach\u201d,<br>na kt\u00f3re Gmina Zebrzydowice otrzyma\u0142a Promes\u0119 wst\u0119pn\u0105 z Rz\u0105dowego Programu Odbudowy Zabytk\u00f3w- edycja druga.<\/h2>\n\n\n<div class=\"wp-block-file\"><a id=\"wp-block-file--media-1eb7aacd-b589-4bc2-8d73-f6b641ac3a76\" href=\"http:\/\/parafia.zebrzydowice.eu\/wp-content\/uploads\/2024\/04\/Zapytanie-ofertowe-1.docx\">Pe\u0142na tre\u015b\u0107 Zapytania ofertowego<\/a><a href=\"http:\/\/parafia.zebrzydowice.eu\/wp-content\/uploads\/2024\/04\/Zapytanie-ofertowe-1.docx\" class=\"wp-block-file__button wp-element-button\" download aria-describedby=\"wp-block-file--media-1eb7aacd-b589-4bc2-8d73-f6b641ac3a76\"><\/a><\/div>\n\n\n\n<div class=\"wp-block-file\"><a id=\"wp-block-file--media-a4dda3ff-4cc7-437e-896b-cddc7f2ba5ee\" href=\"http:\/\/parafia.zebrzydowice.eu\/wp-content\/uploads\/2024\/04\/Zalaczniki-do-zapytania-ofertowego.zip\">Za\u0142aczniki do zapytania ofertowego<\/a><a href=\"http:\/\/parafia.zebrzydowice.eu\/wp-content\/uploads\/2024\/04\/Zalaczniki-do-zapytania-ofertowego.zip\" class=\"wp-block-file__button wp-element-button\" download aria-describedby=\"wp-block-file--media-a4dda3ff-4cc7-437e-896b-cddc7f2ba5ee\">Pobierz<\/a><\/div>\n","protected":false},"excerpt":{"rendered":"<p>OG\u0141OSZENIE O UDZIELENIU ZAM\u00d3WIENIA OG\u0141OSZENIE O WYBORZE OFERTY ZAPROSZENIE DO SK\u0141ADANIA OFERTZAPYTANIE OFERTOWE NR 1\/2024&nbsp; z dnia 30.04.2024&nbsp;r. Parafia Wniebowzi\u0119cia NMP w Zebrzydowicach zaprasza do sk\u0142adania ofert na wykonanie zadania pn. :\u201eRenowacja zabytkowych organ\u00f3w ko\u015bcielnych w Ko\u015bciele p.w. WNP w Zebrzydowicach\u201d,na kt\u00f3re Gmina Zebrzydowice otrzyma\u0142a Promes\u0119 wst\u0119pn\u0105 z Rz\u0105dowego Programu Odbudowy Zabytk\u00f3w- edycja druga.<\/p>\n","protected":false},"author":7,"featured_media":0,"parent":0,"menu_order":0,"comment_status":"closed","ping_status":"closed","template":"","meta":{"ngg_post_thumbnail":0},"_links":{"self":[{"href":"http:\/\/parafia.zebrzydowice.eu\/index.php?rest_route=\/wp\/v2\/pages\/7332"}],"collection":[{"href":"http:\/\/parafia.zebrzydowice.eu\/index.php?rest_route=\/wp\/v2\/pages"}],"about":[{"href":"http:\/\/parafia.zebrzydowice.eu\/index.php?rest_route=\/wp\/v2\/types\/page"}],"author":[{"embeddable":true,"href":"http:\/\/parafia.zebrzydowice.eu\/index.php?rest_route=\/wp\/v2\/users\/7"}],"replies":[{"embeddable":true,"href":"http:\/\/parafia.zebrzydowice.eu\/index.php?rest_route=%2Fwp%2Fv2%2Fcomments&post=7332"}],"version-history":[{"count":7,"href":"http:\/\/parafia.zebrzydowice.eu\/index.php?rest_route=\/wp\/v2\/pages\/7332\/revisions"}],"predecessor-version":[{"id":7509,"href":"http:\/\/parafia.zebrzydowice.eu\/index.php?rest_route=\/wp\/v2\/pages\/7332\/revisions\/7509"}],"wp:attachment":[{"href":"http:\/\/parafia.zebrzydowice.eu\/index.php?rest_route=%2Fwp%2Fv2%2Fmedia&parent=7332"}],"curies":[{"name":"wp","href":"https:\/\/api.w.org\/{rel}","templated":true}]}}